{"id":720,"date":"2024-11-30T19:25:10","date_gmt":"2024-11-30T19:25:10","guid":{"rendered":"https:\/\/motorsmex.com\/?page_id=720"},"modified":"2024-11-30T19:25:10","modified_gmt":"2024-11-30T19:25:10","slug":"garantia","status":"publish","type":"page","link":"https:\/\/motorsmex.com\/index.php\/garantia\/","title":{"rendered":"Garantia"},"content":{"rendered":"\n<p>Garant\u00edas sobre la compra de motores<br>1.- Motores usados:<br>La garant\u00eda que ofrece Mex Motor en motores usados y\/o procedentes de desguace es de 1 a\u00f1o o 20000km lo que ocurra primero. No obstante, este periodo de garant\u00eda ser\u00e1 especificado en la correspondiente factura de compra del producto\u202fy en el presupuesto enviado con anterioridad a la confirmaci\u00f3n del pedido.<\/p>\n\n\n\n<p>2.- Motores reconstruidos o remanufacturados:<br>La garant\u00eda que ofrece Mex Motor sobre la venta de motores reconstruidos es de 2 a\u00f1os  o 50000Km lo que ocurra primero a contar desde el d\u00eda de la recepci\u00f3n del motor por parte del cliente. <\/p>\n\n\n\n<p>2.- Motores Nuevos:<br>La garant\u00eda que ofrece Mex Motor sobre la venta de motores nuevos es de 2 a\u00f1os o 50000Km lo que ocurra primeroa contar desde el d\u00eda de la recepci\u00f3n del motor por parte del cliente. <\/p>\n\n\n\n<p>3.- Condiciones de garant\u00eda<br><\/p>\n\n\n\n<p>3.1.- La garant\u00eda de los productos reconstruidos cubre lo siguiente:<br>3.2.- Garantizamos nuestros productos reconstruidos o nuevos desde la fecha de entrega del motor o 50000Km<\/p>\n\n\n\n<p>3.2.- En ning\u00fan caso se prolongar\u00e1 la garant\u00eda.<\/p>\n\n\n\n<p>3.3.- Cuando se presente un problema de garant\u00eda, es imprescindible ponerse en contacto con nosotros. Recuerde facilitarnos la referencia o n\u00ba de serie del motor junto con el n\u00ba de factura del producto.<\/p>\n\n\n\n<p>3.4.- Dependiendo de la aver\u00eda del Motor se podr\u00eda requerir el producto averiado para analizarlo en nuestro Departamento T\u00e9cnico, antes de enviar un producto de cambio.\u202fEl Departamento T\u00e9cnico comunicar\u00e1 al cliente\u202fy mediante un informe\u202fla posibilidad de que se realice el cambio de la pieza, la devoluci\u00f3n de las cantidades abonadas por el mismo en caso de no disponer en stock de material para realizar el cambio o la anulaci\u00f3n de la correspondiente garant\u00eda.\u202f\u00danicamente en aquellos casos en los que no sea posible el reemplazo de la pieza en garant\u00eda por falta de disponibilidad en stock, se reembolsar\u00e1 al cliente mediante transferencia bancaria el importe total de la compra.<\/p>\n\n\n\n<p>3.5- Casos de anulaci\u00f3n de la garant\u00eda:<\/p>\n\n\n\n<p>Reparaciones sin previo consentimiento de RO-DES, as\u00ed como montajes o desmontajes realizados por profesionales no autorizados. Sobrecalentamientos por falta de refrigerante o aceite motor. <br>Da\u00f1os causados por fen\u00f3menos atmosf\u00e9ricos.<\/p>\n","protected":false},"excerpt":{"rendered":"<p>Garant\u00edas sobre la compra de motores1.- Motores usados:La garant\u00eda que ofrece Mex Motor en motores usados y\/o procedentes de desguace es de 1 a\u00f1o o 20000km lo que ocurra primero. No obstante, este periodo de garant\u00eda ser\u00e1 especificado en la correspondiente factura de compra del producto\u202fy en el presupuesto enviado con anterioridad a la confirmaci\u00f3n [&hellip;]<\/p>\n","protected":false},"author":1,"featured_media":0,"parent":0,"menu_order":0,"comment_status":"closed","ping_status":"closed","template":"","meta":{"footnotes":""},"class_list":["post-720","page","type-page","status-publish","hentry"],"_links":{"self":[{"href":"https:\/\/motorsmex.com\/index.php\/wp-json\/wp\/v2\/pages\/720","targetHints":{"allow":["GET"]}}],"collection":[{"href":"https:\/\/motorsmex.com\/index.php\/wp-json\/wp\/v2\/pages"}],"about":[{"href":"https:\/\/motorsmex.com\/index.php\/wp-json\/wp\/v2\/types\/page"}],"author":[{"embeddable":true,"href":"https:\/\/motorsmex.com\/index.php\/wp-json\/wp\/v2\/users\/1"}],"replies":[{"embeddable":true,"href":"https:\/\/motorsmex.com\/index.php\/wp-json\/wp\/v2\/comments?post=720"}],"version-history":[{"count":1,"href":"https:\/\/motorsmex.com\/index.php\/wp-json\/wp\/v2\/pages\/720\/revisions"}],"predecessor-version":[{"id":722,"href":"https:\/\/motorsmex.com\/index.php\/wp-json\/wp\/v2\/pages\/720\/revisions\/722"}],"wp:attachment":[{"href":"https:\/\/motorsmex.com\/index.php\/wp-json\/wp\/v2\/media?parent=720"}],"curies":[{"name":"wp","href":"https:\/\/api.w.org\/{rel}","templated":true}]}}